 of -l**4/4 + 2*l**3 + 7*l**2/2 + 5*l + 1. Let t(f) = 16*f - 70. Let u be t(7). Suppose 13*q = 19*q - u. What is o(q)?
5
Let s = -239 - -241. Let v(p) = 0*p**s + p**3 - 5*p**2 + 6*p**2 - 2*p**3 - p + 1. Let z = 13 + -13. Calculate v(z).
1
Let d(l) = -l**2 + l + 29. Let y be (232/203)/(3 + -1 + 32/(-14)). Determine d(y).
9
Let t(d) = d**2 + 2*d - 36. Let r(g) = 3*g**3 + 104*g**2 - 31*g + 133. Let y be r(-35). What is t(y)?
-1
Let a(d) = -4*d**2 - 3*d - 1 + 2*d**2 + 0*d**2. Suppose 0 = 403*f + 133 - 1342. Determine a(f).
-28
Let w(g) = -7*g**2 + 9*g - 2. Let o(r) = -2*r**2 + r - 1. Let y(t) = 6*o(t) - w(t). Determine y(3).
-58
Let z(w) = -23*w**2 + 17*w + 31. Let v(m) = 65*m**2 - 50*m - 89. Let t(g) = -6*v(g) - 17*z(g). Calculate t(-16).
87
Let c(n) = -4*n**3 + 149*n**2 + 438*n + 78. Let o be c(40). Let w(m) = 5*m**2 - 5*m - 2. Let b(q) = -q**2 + q. Let u(d) = 6*b(d) + w(d). Determine u(o).
-8
Let u(p) be the third derivative of -p**6/120 - p**5/15 + p**4/3 + 4*p**3/3 + 3197*p**2. Give u(-4).
-24
Let c(o) = -o**2 + 4*o - 15. Let h be (-18720)/(-4992)*(0 - (-8)/6). Calculate c(h).
-20
Let k be (9 - 4) + (191 - (-1 - 1)). Let v(z) = 3 - k*z + 99*z + 104*z - 1. Determine v(1).
7
Let h(q) = 226*q - 36170. Let g be h(160). Let y(a) = 6 + 3*a**3 + 11*a**2 + 2*a + 7*a - 4 - 2*a**3. Give y(g).
12
Let q(k) be the first derivative of -2*k**2 - 201*k + 11659. Determine q(-39).
-45
Let x(s) = s - 8. Let n(p) = p**3 + 19*p**2 + p + 19. Let c be n(-19). Suppose 3*y = w + y - 26, -5*y - 15 = c. Let k be w/(-4)*(-36)/15. Give x(k).
4
Let l(i) = -4*i - 28 + 46 + 13*i**2 - 22 - 14*i**2 + 2*i. Give l(-2).
-4
Let f(u) be the third derivative of -u**6/40 - u**5/15 - 5*u**4/24 - u**3/2 - 4*u**2 + 434*u + 1. Give f(-2).
15
Let n = -8134 - -8128. Let r(q) = -2*q**3 - 11*q**2 + 29*q + 133. What is r(n)?
-5
Suppose -n = -j - 43, 43*n - 45*n + 4*j = -100. Let m(t) = -t**3 + 35*t**2 + 36*t + 21. What is m(n)?
21
Let k = -9185/6 - -1531. Let v(a) be the second derivative of -1/2*a**2 + k*a**4 + 0 + 0*a**3 + 16*a. Calculate v(-2).
7
Let a(s) = -11*s + 4*s**2 - s**3 + 7*s**2 - 1667 + 0*s**3 + 1653. Determine a(10).
-24
Let p(o) be the first derivative of -o**5/40 - o**4/6 + 16*o**3/3 + 14. Let w(b) be the third derivative of p(b). Let j be (0 + 2)*(-6)/(-4). Give w(j).
-13
Let o(q) = -94*q**2 + 16*q - 26. Let j(y) = -16*y**2 + 3*y - 5. Let n(r) = -6*j(r) + o(r). Let z(f) = -f**3 - f**2 + f + 1. Let p be z(-2). Determine n(p).
16
Let p(z) = z**3 + 18*z**2 + 16*z + 1. Let g(h) = 7*h**2 + 87*h + 19. Let m be g(-12). Determine p(m).
18
Let z be 1095/(-90) - (260/(-156))/(-1 - 1). Let l(n) be the first derivative of -n**2 - 24*n + 2. Calculate l(z).
2
Let c(s) = -s**3 + s**2 + s. Let y be 4 + (0 - 10) - -6. Give c(y).
0
Let x(b) = b**2 - 3*b + 4. Let f(k) = -2*k**3 + 10*k - 16. Let p be f(4). Let v = -99 - p. What is x(v)?
14
Let d(l) = 2*l**3 - 3*l**2 - 3*l. Let u(w) = -w**3 - w**2 + 3*w. Let x(k) = -d(k) - 3*u(k). What is x(-7)?
-7
Let i(j) be the second derivative of -j**4/12 - 13*j**3/3 + 32*j**2 - 4137*j. Calculate i(-29).
-23
Let i(p) = 2*p + 1. Let k be i(1). Let z(l) = 3*l**2 + 2. Let v(s) = 10*s**2 + 8. Suppose -17*n - 21 = -20*n. Let m(c) = n*z(c) - 2*v(c). Calculate m(k).
7
Suppose -15104 + 2017 = -23*g. Let v = 581 - g. Let j(u) = u**2 - 12*u - 11. Give j(v).
-11
Let g(y) = 22 - 9 + 10 + 13*y + 5 - 12*y. Give g(17).
45
Let o = -243 - -278. Suppose -o*j + 46*j + 22 = 0. Let i(b) = -2*b**3 + 2*b + 1. What is i(j)?
13
Suppose -16 = 139*o - 143*o. Let z(u) be the third derivative of -u**5/60 + u**4/12 - 5*u**3/6 - 34*u**2. Calculate z(o).
-13
Let m be 14/6 + ((-2)/6)/1. Suppose -2*u = 4*s + 2, -3*u + 20 = -5*s - m*u. Let o be (4/(-6))/(s/63*2). Let p(g) = g**2 - 7*g. Calculate p(o).
0
Suppose -15*v + 35 = -25. Let a(n) = -4 - 7 + n - n**2 + v + 5*n**3 - 4*n**3 + 3. Determine a(0).
-4
Suppose 32*z = 14*z + 54. Let s(u) = z*u + 8*u + 17 - 19. Calculate s(-3).
-35
Let x(z) be the second derivative of -74*z - 6*z**2 - 1/3*z**3 + 0. Give x(-3).
-6
Suppose 5*g + 19 = -3*m, -3*m - 4*g = 2 + 12. Let b(o) = -24*o**2 - 45 + 23*o**m + 37 + 10*o. Give b(8).
8
Let q(a) be the first derivative of 35*a**2/2 + 10*a + 1324. Give q(4).
150
Let s(h) be the third derivative of h**6/120 + 7*h**5/60 - h**4/4 + 9*h**3/2 + 2*h**2 + 38*h + 2. What is s(-8)?
11
Let t(h) be the second derivative of -h**7/2520 - h**5/120 - 5*h**4/12 - 5*h. Let d(m) be the third derivative of t(m). Suppose 18 = -n + 7*n. Determine d(n).
-10
Let s be 40/32 - ((-44)/176 + 9/2). Let p(k) = -k**2 + 7*k + 12. Give p(s).
-18
Suppose -2*j + 4*y + 6 = 0, -3*j - 23 = -8*j + 2*y. Let w(h) = h**3 + 12*h**2 - 14*h - 10. Let d be w(-13). Let n(i) = -4*i - 1 + 7 - 1 + d*i. Give n(j).
0
Let g(d) be the third derivative of -d**4/24 - 7*d**3/2 + 51*d**2. Let l = -82 - -44. Let y = -38 - l. What is g(y)?
-21
Let v(r) = 25*r + 31 - 77*r + 3 + 26*r + 30*r. Give v(-12).
-14
Let c(l) = 46 + 11 + l + 17 - 33. What is c(-13)?
28
Let z(g) = 2*g**3 + 9*g**2 + 2*g**3 + 10 - 17*g + 21*g - 6*g**3. Let l be z(5). Let b(j) = -2*j + 1. Give b(l).
-9
Suppose 0 = 2*m + 3*o - 290, m = -5*o + 10*o + 132. Let z = 137 - m. Let d(c) = -c**3 - 4*c**2 + 5*c + 3. Calculate d(z).
3
Let m(l) = -5*l**2 - 17*l**3 - 615 - 26*l + 32*l + 613. Calculate m(1).
-18
Let u(t) = -2*t - 14. Let d(r) = -r**3 + r**3 - r**3 + 14 + r**2 + r**3 - 11*r + r**3. Let m be d(-4). Calculate u(m).
-34
Let k(t) = t**3 + 15*t**2 + 27*t + 15. Let a be k(-13). Let f(d) = -d**3 + 2 - 56*d**2 - 4*d + 30*d**a + 31*d**2 + 1. Calculate f(4).
3
Let m(b) = -b**3 - 6*b**2 - 7*b - 4. Let r(t) = 2*t**2 + 5*t + 8. Let a be r(-2). Suppose 2*z - 80 = -3*z. Suppose z = -a*j - 14. Give m(j).
6
Let b(u) = u**2 - 7*u - 5. Let w(l) = -l**2 + 10*l + 4. Let k(d) = -4*b(d) - 5*w(d). What is k(19)?
-57
Let t(m) = m**2 - 5 - m**3 - m - 6*m**2 + 6*m. Let d = 368235 + -368240. Calculate t(d).
-30
Let a(c) = -c - 12. Let k be a(0). Let b(r) = -r**3 + 8*r**2 - 19*r**2 - 2 + 7*r**2 - 4 - 13*r - 9*r**2. What is b(k)?
6
Let q(w) = -w**3 - 5*w**2 + 5*w - 1. Suppose -9*v + 6 = -12*v, 3*c = -3*v - 9. Let x be (3 + c - -1)*-2. Determine q(x).
5
Let u(j) be the third derivative of -2*j**5/15 + j**4/12 + j**3/6 + 15*j**2. Let q be (-1*6)/((-20)/(-50)). Let o be (5/q)/(3/9). Determine u(o).
-9
Suppose 3*n - 5*d + 19 = 0, -4*n - 3*d - 12 - 23 = 0. Let m(z) = z**3 + 7*z**2 - 8*z - 9. Give m(n).
-9
Let v(g) = 3*g**3 + 2*g**2 - 27*g + 15. Let z(d) = -14*d**3 - 12*d**2 + 134*d - 73. Let b(h) = -19*v(h) - 4*z(h). What is b(6)?
13
Let c be 3 - (788/(-1 + -1) + -3). Let q(a) = 201 + 200 + 3*a - c. Give q(5).
16
Suppose -9 = 8*o - 5*o, -5*c + 597 = o. Let x = c + -125. Let f(b) = b**3 + 5*b**2 + 2*b + 6. What is f(x)?
-4
Let o(u) be the third derivative of -1/60*u**5 + 1/3*u**4 - 1/6*u**3 + 0 + 2*u + 9*u**2. Determine o(7).
6
Suppose 13*r - 42*r + 174 = 0. Suppose q - 3*s = -2*q - r, -5*q - s = 16. Let l(p) = -p - 2. Give l(q).
1
Suppose 45 = 3*y - 72. Let q(z) = -y + z + 20 + 18. Give q(-10).
-11
Suppose 4*f + 10 = 9*f. Let l = 233 - 230. Let i(d) = 0*d**3 - 3 - 3*d**2 + 2*d**l + 249*d - 246*d. Calculate i(f).
7
Let o(g) = -37*g**3 + g. Suppose -4*c + 2 = 2*u, -3*u + 36*c + 3 = 35*c. What is o(u)?
-36
Let b(p) = p**2 - 11*p + 37. Suppose -2*t + 6 = -4*x, -218*t + 216*t = 4*x - 38. Calculate b(t).
37
Let b = 14 - 0. Suppose b + 18 = 4*n. Let a(o) = -o**2 + 11*o - 9. Determine a(n).
15
Suppose 0 = -9*z + 4*z + 1680. Let c(y) = -z*y + 692*y - 344*y - 3. Give c(3).
33
Let x(d) be the first derivative of 17*d**2/2 - 3*d + 60. Let a(v) = 19*v - 4. Let k(c) = -5*a(c) + 6*x(c). Let j(m) = 3*m. Let t be j(1). Give k(t).
23
Suppose 13*a - 11*a = -6, -2*d + 3*a = -23. Let z be 6/14 + (-550)/(-154) - d. Let b(v) = v**3 + 2*v**2 + v + 3. Determine b(z).
-9
Let r(p) = p + 5. Let q(k) be the first derivative of k + 19. Let x(a) = -3*q(a) - r(a). What is x(-9)?
1
Let o(j) = 2*j**2 - 8*j + 5. Suppose 0 = -0*l + 2*l - 3*h - 29, 4*h + 32 = l. Determine o(l).
5
Let k(l) = 8*l - 84. Let q be k(11). Let n be -1 + 1 + (2 - -15). Let d(g) = -2 + 2*g + n - 9 - 4*g. Determine d(q).
-2
Let y(z) = -z**2 - 11*z + 11. Let h be y(-12). Let j(t) = -23*t**2 + 4*t + 4. Let x(b) = 6*b**2 - b - 1. Let c(n) = -2*j(n) - 9*x(n). Give c(h).
-8
Let n(v) be the first d